he highest common factor of i and 13.
13
Suppose -4*i + 666 = -3*c - 0*c, 0 = 3*i - 5*c - 505. Calculate the greatest common divisor of i and 15.
15
Let f(l) = 2*l - 11. Let o be f(16). Calculate the highest common divisor of 105 and o.
21
Let n be ((-72)/(-40))/((-2)/(-10)). Calculate the greatest common divisor of 1 and n.
1
Suppose x = 7*x - 726. What is the greatest common divisor of x and 11?
11
Let k(g) = -g + 6. Let p be k(7). Let x(h) = -9*h + 1. Let r be x(p). Calculate the highest common divisor of r and 70.
10
Let m = 108 + -76. Calculate the greatest common divisor of m and 80.
16
Let t(c) = -c**3 - 2*c**2 + 3*c + 8. Let i be t(-3). What is the highest common divisor of 20 and i?
4
Let a = -9 - -17. Suppose 0 = -5*s - x + 264, 0 = -0*s + 4*s - 4*x - 216. Let z = -29 + s. What is the greatest common divisor of a and z?
8
Suppose 3*u + 26 = 5*u. Let n = 6 - -20. What is the highest common factor of n and u?
13
Let r be 22/4 - 1/(-2). Let n = 8 - r. Suppose 0 = 6*q - n*q - 152. What is the greatest common factor of 95 and q?
19
Let y(b) = 24*b**2 + b + 1. Let h be y(2). What is the greatest common factor of 11 and h?
11
Let s be 6 - 6 - 5*-1. Suppose 2*f + 270 = 5*p, -f = -s*p - 2*f + 255. Calculate the highest common divisor of p and 13.
13
Suppose -5*t = 233 + 27. Let r be (t/6)/(1/(-3)). Calculate the highest common divisor of 39 and r.
13
Let w = 3 + 0. Let p be (3 - -1)/(-2 - 0). Let f be p/(-4)*-10*-3. Calculate the greatest common factor of w and f.
3
Let c = 25 - -74. Suppose -i - c = -9. Let t = -54 - i. What is the highest common divisor of 9 and t?
9
Suppose i - 2 = -3*o, 5*o = 2*o. Suppose -3*x + 3 = -3*z + z, 4*z + 2*x - 34 = 0. Calculate the greatest common factor of z and i.
2
Suppose 447 = 21*z + 111. Calculate the highest common factor of 8 and z.
8
Let m = 15 - 3. What is the greatest common factor of m and 36?
12
Suppose 0 = 2*m - 2*l - 2 - 4, -m + 7 = -5*l. Suppose -69 = -m*b + 21. Calculate the highest common divisor of 18 and b.
9
Let u be 52/12 - (-1)/(-3). Let n(d) = 2*d**2 + 2*d + 4. Let j be n(4). What is the highest common factor of u and j?
4
Let q(d) = d**3 - 10*d**2 - 10*d + 1. Let g be q(11). What is the highest common factor of g and 18?
6
Suppose 3*x = -2*x + 40. Suppose 0 = 5*b + 5*c - 40, -3*b + 4*c + x = -c. Calculate the highest common divisor of b and 42.
6
Let w be (14/(-35))/(1/(-60)). What is the greatest common factor of w and 36?
12
Let t(p) = 2*p**2 - 8*p - 6. Let b be t(7). Let i = b + -54. Let f be i/(1/((-4)/3)). Calculate the highest common factor of f and 8.
8
Suppose 2*v - 864 = -4*v. Calculate the greatest common factor of 16 and v.
16
Let d(c) be the first derivative of 4*c + 1 - 2*c**2 + 1/3*c**3. Let m be d(4). Calculate the highest common divisor of m and 4.
4
Let b(r) = r**3 + 8*r**2 + 8*r + 27. Let c be b(-5). Calculate the greatest common divisor of 124 and c.
62
Let g = 0 - 8. Let l(m) = -m**2 - 12*m - 11. Let q be l(g). What is the highest common factor of q and 7?
7
Let w(f) = f**3 + 18*f**2 + 12. Let s be w(-17). Calculate the highest common divisor of 43 and s.
43
Let y be -2 + (68 - 2) + -1. Let s(x) = x**3 + 10*x**2 + 5*x + 57. Let q be s(-10). Calculate the greatest common divisor of y and q.
7
Let k be (-6)/24 - (-61)/4. Let j be k*22*3/10. Suppose -j = -7*i + 4*i. Calculate the greatest common factor of 22 and i.
11
Let b be 1/((-10)/11 - -1). Calculate the highest common divisor of 121 and b.
11
Suppose z = -z + 52. Let t = -461 - -591. What is the highest common divisor of z and t?
26
Suppose -5*h - 123 = r, 0 = -3*h + r + 12 - 89. Let z be 5/(h/(-2))*115. Calculate the greatest common divisor of z and 69.
23
Suppose 3*m = 5*m. Suppose 4*u - 16 = 0, w - 27 = 4*w + 3*u. Let s = m - w. Calculate the greatest common divisor of s and 26.
13
Let r = 6 + -5. Calculate the highest common factor of 8 and r.
1
Suppose -61 = 3*p + 5*v, 3*p + 20 = -3*v - 31. Let n = -4 - p. Let s = 55 + n. What is the highest common divisor of s and 7?
7
Suppose -4*v = -o + 9, -3*o + o + 5 = 5*v. What is the highest common divisor of 40 and o?
5
Let n be (-432)/(-44) - 2/(-11). What is the greatest common factor of n and 10?
10
Let a = 28 - -27. Let s be 4/6 - 70/(-3). Suppose 65 = 5*o - 5*y, 4*o - s = 2*y + 24. What is the greatest common divisor of o and a?
11
Let n be 18/2*(-3)/(-9). Suppose n*r - a = 28, a - 22 = -0*r - 2*r. Let y be ((-24)/r)/(10/(-25)). Calculate the highest common factor of 15 and y.
3
Suppose -5*z - 5 = -2*b - b, -4*z - 2*b = -18. Suppose 9 = z*s + 3. Let r be 0 + 20 - s/(-1). What is the highest common divisor of 184 and r?
23
Suppose 0*m = 4*m - 1460. Let s be m/11 + 4/(-22). Let w = s - 17. Calculate the highest common factor of w and 4.
4
Let z(c) = -c**3 - 21*c**2 - 40*c - 15. Let l be z(-19). What is the greatest common factor of l and 161?
23
Suppose 5 = 5*o, -25 = -3*t + t - 5*o. Calculate the greatest common factor of t and 140.
10
Let j = 3 - 31. Let o = -48 - j. Let p be (-10)/3*144/o. What is the highest common divisor of 3 and p?
3
Let p(s) = s**3 - s**2 + s - 5. Let l be p(0). Let k = 7 - l. What is the greatest common factor of k and 12?
12
Let b = 58 + -47. Calculate the greatest common factor of 121 and b.
11
Let p be (-1 + -3)*2/(-4). Suppose 0 = -2*v - p*m + 382, -3*v = -4*v - 5*m + 207. Calculate the highest common divisor of 17 and v.
17
Let p = 34 - 23. Let l(g) = g**3 + 6*g**2 - g - 5. Let v be l(-6). What is the highest common factor of v and p?
1
Let q(i) = 3*i**2 + 4*i + 1. Let o be q(-3). Let x be -2 - (o*1)/(-1). Let c be ((-35)/10)/((-1)/2). Calculate the greatest common factor of c and x.
7
Let r be -2 - -13 - (3 + -4). Let p = -9 + 39. Calculate the highest common factor of p and r.
6
Let y = -149 - -251. Calculate the highest common factor of 255 and y.
51
Let a be (-1 + 1)/(3 - 2). Suppose a = -3*s + 320 - 125. What is the highest common divisor of s and 26?
13
Let l(d) = 2*d**2 - 9*d - 2. Let u be l(5). Suppose -2*q - 107 = -3*g, -5*g - q + 169 = -2*q. What is the greatest common factor of g and u?
3
Let u = -229 - -348. Let m = 218 - u. What is the greatest common divisor of m and 9?
9
Let n be (6/4)/(9/30). What is the greatest common divisor of n and 15?
5
Let r = -51 - -56. What is the greatest common divisor of r and 15?
5
Let m be 26 + 0 + (-2)/1. Suppose -6*j = -20 + 2. Calculate the greatest common factor of j and m.
3
Let n = -1 + 5. Let f(h) = -h**3 + 4*h**2 - h + 2. Let r be f(n). Let c = r - -7. What is the greatest common divisor of c and 20?
5
Let i be 2 + -1 + 8/4. Let p be (i/3 + 1)/1. Suppose p*z = -z + 51. Calculate the highest common divisor of z and 85.
17
Let y = -14 - -18. Suppose y*a = -z + 26, -4 = -z + 4*a + 14. Calculate the highest common factor of z and 2.
2
Suppose 2*p - 12 = -6. Suppose -p*u + 14 + 661 = 0. Suppose -l = s - 28, 0 = -l - 0*l - 4*s + 37. What is the highest common factor of u and l?
25
Let j = -14 + 21. Let m = j + -7. Suppose t - 9 - 5 = m. What is the greatest common divisor of t and 14?
14
Suppose 5*c + 11 = 36. Let j(a) = 3*a**2 - 6*a - 1. Let i be j(5). Let v be (5/(c/i))/1. Calculate the highest common divisor of v and 11.
11
Let l(x) = -7*x - 16. Let t be l(-13). What is the highest common factor of 30 and t?
15
Let g be (-4)/(-16) + 115/20. What is the highest common divisor of g and 4?
2
Suppose 7*z - 6 - 85 = 0. What is the greatest common factor of z and 325?
13
Let f = 40 + 16. Let b = 23 - 0. Let h = -16 + b. What is the greatest common factor of f and h?
7
Suppose r - 42 - 14 = 0. Let z = 30 + -23. Calculate the greatest common factor of r and z.
7
Let r = 33 + 231. What is the highest common factor of 12 and r?
12
Let r(k) = -k**2 + 11*k - 2. Let q be r(11). Let p(s) = -s**3 - 2*s**2 - 4*s - 2. Let i be p(q). Calculate the highest common divisor of 15 and i.
3
Let y(b) = -b**3 + 7*b**2 - 5*b - 4. Let u be y(6). Suppose -u*h - 2*h = -4. What is the highest common divisor of h and 3?
1
Let h(w) = 51*w - 2. Suppose 4*q = 4*t - 12, -q + 27 = 4*t + t. Let v be h(t). What is the highest common factor of v and 23?
23
Let q = -74 + 84. Calculate the greatest common divisor of q and 25.
5
Suppose 5*d + 21 = 6. Let l = d + 5. Let w(v) = -v**3 + 5*v**2 - 2*v + 2. Let u be w(l). What